{"id":285,"date":"2024-05-06T18:56:32","date_gmt":"2024-05-06T18:56:32","guid":{"rendered":"https:\/\/www.winar.cz\/?page_id=285"},"modified":"2025-04-27T20:53:15","modified_gmt":"2025-04-27T20:53:15","slug":"homepage","status":"publish","type":"page","link":"https:\/\/www.winar.cz\/","title":{"rendered":"homepage"},"content":{"rendered":"\t\t<div data-elementor-type=\"wp-page\" data-elementor-id=\"285\" class=\"elementor elementor-285\" data-elementor-post-type=\"page\">\n\t\t\t\t<div class=\"elementor-element elementor-element-14e3d08 e-flex e-con-boxed e-con e-parent\" data-id=\"14e3d08\" data-element_type=\"container\" data-e-type=\"container\">\n\t\t\t\t\t<div class=\"e-con-inner\">\n\t\t<div class=\"elementor-element elementor-element-179493f e-con-full e-flex e-con e-child\" data-id=\"179493f\" data-element_type=\"container\" data-e-type=\"container\">\n\t\t\t\t<div class=\"elementor-element elementor-element-a02f07e elementor-widget elementor-widget-heading\" data-id=\"a02f07e\" data-element_type=\"widget\" data-e-type=\"widget\" data-widget_type=\"heading.default\">\n\t\t\t\t<div class=\"elementor-widget-container\">\n\t\t\t\t\t<h4 class=\"elementor-heading-title elementor-size-default\">Preciznost v ka\u017ed\u00e9m detailu, luxus v ka\u017ed\u00e9m doteku<\/h4>\t\t\t\t<\/div>\n\t\t\t\t<\/div>\n\t\t\t\t<\/div>\n\t\t\t\t\t<\/div>\n\t\t\t\t<\/div>\n\t\t<div class=\"elementor-element elementor-element-9ad4655 e-flex e-con-boxed e-con e-parent\" data-id=\"9ad4655\" data-element_type=\"container\" data-e-type=\"container\" data-settings=\"{&quot;background_background&quot;:&quot;classic&quot;}\">\n\t\t\t\t\t<div class=\"e-con-inner\">\n\t\t\t\t<div class=\"elementor-element elementor-element-d8ed046 elementor-widget elementor-widget-spacer\" data-id=\"d8ed046\" data-element_type=\"widget\" data-e-type=\"widget\" data-widget_type=\"spacer.default\">\n\t\t\t\t<div class=\"elementor-widget-container\">\n\t\t\t\t\t\t\t<div class=\"elementor-spacer\">\n\t\t\t<div class=\"elementor-spacer-inner\"><\/div>\n\t\t<\/div>\n\t\t\t\t\t\t<\/div>\n\t\t\t\t<\/div>\n\t\t\t\t\t<\/div>\n\t\t\t\t<\/div>\n\t\t<div class=\"elementor-element elementor-element-670172b e-flex e-con-boxed e-con e-parent\" data-id=\"670172b\" data-element_type=\"container\" data-e-type=\"container\" data-settings=\"{&quot;background_background&quot;:&quot;classic&quot;}\">\n\t\t\t\t\t<div class=\"e-con-inner\">\n\t\t<div class=\"elementor-element elementor-element-e50ac5f e-con-full e-flex e-con e-child\" data-id=\"e50ac5f\" data-element_type=\"container\" data-e-type=\"container\">\n\t\t\t\t<div class=\"elementor-element elementor-element-6d9f1c7 elementor-widget elementor-widget-image\" data-id=\"6d9f1c7\" data-element_type=\"widget\" data-e-type=\"widget\" data-widget_type=\"image.default\">\n\t\t\t\t<div class=\"elementor-widget-container\">\n\t\t\t\t\t\t\t\t\t\t\t\t\t\t\t\t<a href=\"http:\/\/www.winar.cz\/index.php\/produkty-pro-damy\/\">\n\t\t\t\t\t\t\t<img fetchpriority=\"high\" decoding=\"async\" width=\"800\" height=\"800\" src=\"http:\/\/www.winar.cz\/wp-content\/uploads\/2024\/05\/damske-produkty.webp\" class=\"attachment-large size-large wp-image-403\" alt=\"\" srcset=\"http:\/\/www.winar.cz\/wp-content\/uploads\/2024\/05\/damske-produkty.webp 928w, http:\/\/www.winar.cz\/wp-content\/uploads\/2024\/05\/damske-produkty-300x300.webp 300w, http:\/\/www.winar.cz\/wp-content\/uploads\/2024\/05\/damske-produkty-150x150.webp 150w, http:\/\/www.winar.cz\/wp-content\/uploads\/2024\/05\/damske-produkty-768x768.webp 768w\" sizes=\"(max-width: 800px) 100vw, 800px\" \/>\t\t\t\t\t\t\t\t<\/a>\n\t\t\t\t\t\t\t\t\t\t\t\t\t\t\t<\/div>\n\t\t\t\t<\/div>\n\t\t\t\t<\/div>\n\t\t<div class=\"elementor-element elementor-element-715fc7e e-con-full e-flex e-con e-child\" data-id=\"715fc7e\" data-element_type=\"container\" data-e-type=\"container\">\n\t\t\t\t<div class=\"elementor-element elementor-element-edf645c elementor-widget elementor-widget-heading\" data-id=\"edf645c\" data-element_type=\"widget\" data-e-type=\"widget\" data-widget_type=\"heading.default\">\n\t\t\t\t<div class=\"elementor-widget-container\">\n\t\t\t\t\t<h2 class=\"elementor-heading-title elementor-size-default\"><a href=\"http:\/\/www.winar.cz\/index.php\/produkty-pro-damy\/\" target=\"_blank\">... pro d\u00e1my<\/a><\/h2>\t\t\t\t<\/div>\n\t\t\t\t<\/div>\n\t\t\t\t<div class=\"elementor-element elementor-element-22abfac elementor-widget elementor-widget-text-editor\" data-id=\"22abfac\" data-element_type=\"widget\" data-e-type=\"widget\" data-widget_type=\"text-editor.default\">\n\t\t\t\t<div class=\"elementor-widget-container\">\n\t\t\t\t\t\t\t\t\t<p>Objevte na\u0161i kolekci elegantn\u00edch ko\u017een\u00fdch produkt\u016f navr\u017een\u00fdch pro \u017eeny. Nab\u00edz\u00edme stylov\u00e9 pen\u011b\u017eenky, luxusn\u00ed kabelky a praktick\u00e9 batohy, kter\u00e9 kombinuji funk\u010dnost s m\u00f3dou. Nechte se okouzlit kvalitou a precizn\u00edm zpracov\u00e1n\u00edm ka\u017ed\u00e9ho kousku.<\/p>\t\t\t\t\t\t\t\t<\/div>\n\t\t\t\t<\/div>\n\t\t\t\t<\/div>\n\t\t\t\t\t<\/div>\n\t\t\t\t<\/div>\n\t\t<div class=\"elementor-element elementor-element-259c956 e-flex e-con-boxed e-con e-parent\" data-id=\"259c956\" data-element_type=\"container\" data-e-type=\"container\" data-settings=\"{&quot;background_background&quot;:&quot;classic&quot;}\">\n\t\t\t\t\t<div class=\"e-con-inner\">\n\t\t<div class=\"elementor-element elementor-element-a1347de e-con-full e-flex e-con e-child\" data-id=\"a1347de\" data-element_type=\"container\" data-e-type=\"container\">\n\t\t\t\t<div class=\"elementor-element elementor-element-6589964 elementor-widget elementor-widget-heading\" data-id=\"6589964\" data-element_type=\"widget\" data-e-type=\"widget\" data-widget_type=\"heading.default\">\n\t\t\t\t<div class=\"elementor-widget-container\">\n\t\t\t\t\t<h2 class=\"elementor-heading-title elementor-size-default\"><a href=\"http:\/\/www.winar.cz\/index.php\/produkty-pro-pany\/\" target=\"_blank\">... pro p\u00e1ny<\/a><\/h2>\t\t\t\t<\/div>\n\t\t\t\t<\/div>\n\t\t\t\t<div class=\"elementor-element elementor-element-2d995fa elementor-widget elementor-widget-text-editor\" data-id=\"2d995fa\" data-element_type=\"widget\" data-e-type=\"widget\" data-widget_type=\"text-editor.default\">\n\t\t\t\t<div class=\"elementor-widget-container\">\n\t\t\t\t\t\t\t\t\t<p>Prozkoumejte na\u0161i nab\u00eddku ko\u017een\u00fdch produkt\u016f pro mu\u017ee. V na\u0161\u00ed kolekci najdete sofistikovan\u00e9 pen\u011b\u017eenky, elegantn\u00ed diplomatky a robustn\u00ed ta\u0161ky. Ka\u017ed\u00fd produkt je vyroben s d\u016frazem na detail a kvalitu, aby splnil va\u0161e nejvy\u0161\u0161\u00ed o\u010dek\u00e1v\u00e1n\u00ed.<\/p>\t\t\t\t\t\t\t\t<\/div>\n\t\t\t\t<\/div>\n\t\t\t\t<\/div>\n\t\t<div class=\"elementor-element elementor-element-8af4401 e-con-full e-flex e-con e-child\" data-id=\"8af4401\" data-element_type=\"container\" data-e-type=\"container\">\n\t\t\t\t<div class=\"elementor-element elementor-element-092c316 elementor-widget elementor-widget-image\" data-id=\"092c316\" data-element_type=\"widget\" data-e-type=\"widget\" data-widget_type=\"image.default\">\n\t\t\t\t<div class=\"elementor-widget-container\">\n\t\t\t\t\t\t\t\t\t\t\t\t\t\t\t\t<a href=\"http:\/\/www.winar.cz\/index.php\/produkty-pro-pany\/\">\n\t\t\t\t\t\t\t<img decoding=\"async\" width=\"800\" height=\"800\" src=\"http:\/\/www.winar.cz\/wp-content\/uploads\/2024\/05\/panske-produkty.webp\" class=\"attachment-large size-large wp-image-404\" alt=\"\" srcset=\"http:\/\/www.winar.cz\/wp-content\/uploads\/2024\/05\/panske-produkty.webp 928w, http:\/\/www.winar.cz\/wp-content\/uploads\/2024\/05\/panske-produkty-300x300.webp 300w, http:\/\/www.winar.cz\/wp-content\/uploads\/2024\/05\/panske-produkty-150x150.webp 150w, http:\/\/www.winar.cz\/wp-content\/uploads\/2024\/05\/panske-produkty-768x768.webp 768w\" sizes=\"(max-width: 800px) 100vw, 800px\" \/>\t\t\t\t\t\t\t\t<\/a>\n\t\t\t\t\t\t\t\t\t\t\t\t\t\t\t<\/div>\n\t\t\t\t<\/div>\n\t\t\t\t<\/div>\n\t\t\t\t\t<\/div>\n\t\t\t\t<\/div>\n\t\t\t\t<\/div>\n\t\t","protected":false},"excerpt":{"rendered":"<p>Preciznost v ka\u017ed\u00e9m detailu, luxus v ka\u017ed\u00e9m doteku &#8230; pro d\u00e1my Objevte na\u0161i kolekci elegantn\u00edch ko\u017een\u00fdch produkt\u016f navr\u017een\u00fdch pro \u017eeny. Nab\u00edz\u00edme stylov\u00e9 pen\u011b\u017eenky, luxusn\u00ed kabelky a praktick\u00e9 batohy, kter\u00e9 kombinuji funk\u010dnost s m\u00f3dou. Nechte se okouzlit kvalitou a precizn\u00edm zpracov\u00e1n\u00edm ka\u017ed\u00e9ho kousku. &#8230; pro p\u00e1ny Prozkoumejte na\u0161i nab\u00eddku ko\u017een\u00fdch produkt\u016f pro mu\u017ee. V na\u0161\u00ed kolekci [&hellip;]<\/p>\n","protected":false},"author":2,"featured_media":0,"parent":0,"menu_order":0,"comment_status":"closed","ping_status":"closed","template":"elementor_header_footer","meta":{"_acf_changed":false,"inline_featured_image":false,"_monsterinsights_skip_tracking":false,"_monsterinsights_sitenote_active":false,"_monsterinsights_sitenote_note":"","_monsterinsights_sitenote_category":0,"footnotes":""},"class_list":["post-285","page","type-page","status-publish","hentry"],"acf":[],"_links":{"self":[{"href":"https:\/\/www.winar.cz\/index.php\/wp-json\/wp\/v2\/pages\/285","targetHints":{"allow":["GET"]}}],"collection":[{"href":"https:\/\/www.winar.cz\/index.php\/wp-json\/wp\/v2\/pages"}],"about":[{"href":"https:\/\/www.winar.cz\/index.php\/wp-json\/wp\/v2\/types\/page"}],"author":[{"embeddable":true,"href":"https:\/\/www.winar.cz\/index.php\/wp-json\/wp\/v2\/users\/2"}],"replies":[{"embeddable":true,"href":"https:\/\/www.winar.cz\/index.php\/wp-json\/wp\/v2\/comments?post=285"}],"version-history":[{"count":79,"href":"https:\/\/www.winar.cz\/index.php\/wp-json\/wp\/v2\/pages\/285\/revisions"}],"predecessor-version":[{"id":1128,"href":"https:\/\/www.winar.cz\/index.php\/wp-json\/wp\/v2\/pages\/285\/revisions\/1128"}],"wp:attachment":[{"href":"https:\/\/www.winar.cz\/index.php\/wp-json\/wp\/v2\/media?parent=285"}],"curies":[{"name":"wp","href":"https:\/\/api.w.org\/{rel}","templated":true}]}}